 factors of (28 + x)/(3/(-269)).
269
Let n(b) = b**2 - 18*b + 21. Let r be n(17). Let q(m) = -14*m + 15 + 8 + 5*m - r. List the prime factors of q(-6).
73
Let g(k) = -4*k**3 + 32*k**2 + 20*k - 120. What are the prime factors of g(-13)?
2, 11, 157
Let g(r) = r - 14. Let f be g(3). Let h(j) be the first derivative of j**3/3 - 12*j - 1. What are the prime factors of h(f)?
109
Let b be (168/(-32))/((-3)/72). Let v = 130 - b. Suppose 426 = 5*k - d, v*k + 5*d = 2*k + 165. List the prime factors of k.
5, 17
Suppose -3*a = -7 - 2. What are the prime factors of -6*((-301)/14 - a)?
3, 7
Let u(w) = -3*w**2 + 24*w + 22. Suppose 14*d = 7*d + 77. Let g be u(d). Let k = -69 - g. List the prime factors of k.
2
Let a(c) = -231*c - 346. What are the prime factors of a(-22)?
2, 37
Let s(i) = -38*i - 166*i + 64 - 40 + 42 - 22*i. List the prime factors of s(-2).
2, 7, 37
Suppose -5*y = -5*i - 80, -5*y + 0*i = 3*i - 40. Suppose -y*w + w = -30. What are the prime factors of 408/(-18)*w/(-2)?
2, 17
Let u(n) = 1032*n**2 - 96*n - 334. List the prime factors of u(-9).
2, 42061
Suppose -293*d - 78188 = -4864050. List the prime factors of d.
2, 8167
Let r(g) = 107*g**2 - 3*g + 1. Let v = -146 - -147. List the prime factors of r(v).
3, 5, 7
Let t(p) = -1136*p + 858. List the prime factors of t(-32).
2, 5, 61
Let f(q) = q**2 + 8*q - 16*q - 8*q - 35. Let v be f(18). What are the prime factors of (198/(-10) + 5)/(v/(-5))?
2, 37
Suppose -18*t + 248 = -17*t + z, -4 = z. Let r = 1329 - t. What are the prime factors of r?
3, 359
Let c(q) = 3*q**2 + 65*q + 87. Let a be c(-25). Suppose p + 0*p - a = 0. What are the prime factors of p?
337
Let y = -5856 - -13177. List the prime factors of y.
7321
Let w(g) = 22*g**2 - 3*g - 5. Let j = -34 + 45. Let h be (-4)/6*(-8 + j). List the prime factors of w(h).
89
Let w = 2595 + 5545. List the prime factors of w.
2, 5, 11, 37
Let t = -28252 + 42420. What are the prime factors of t?
2, 7, 11, 23
Let s = 99 + -115. Let a(b) = b - 30. Let z be a(s). What are the prime factors of 3*(z/(-3) - 10/15)?
2, 11
Suppose 611*p = 803*p - 7113984. List the prime factors of p.
2, 59, 157
Let g(q) = 8*q**2 + 6*q - 5. Let o be g(4). Let p(i) = i**3 + 30*i**2 + 26*i - 79. Let d be p(-29). Let j = o + d. List the prime factors of j.
5, 31
What are the prime factors of (4554/(-10))/((-675)/15750)?
2, 3, 7, 11, 23
Let a(v) = 123*v + 6. Let u be a(18). Suppose -5*t = 4*d - 3700, -5*d = 3*t - 6*t + u. List the prime factors of t.
2, 5, 37
Suppose -5 = -6*k + 7. Suppose t + 2*f + 10 = -0*t, k*t - 10 = 2*f. Suppose 0 = 3*q - r - 295, -3*q - 3*r + r + 292 = t. List the prime factors of q.
2, 7
Let i be 18*(-1)/(-4)*(3 - 925). What are the prime factors of -4 + i/(-27)*6?
2, 3, 17
Suppose 0 = 4*d + 4*p - 40552, 0 = -4*d + 2*p - 7*p + 40556. List the prime factors of d.
2, 3, 563
Suppose 2*o = o - 5*r + 7226, -3*o + r + 21678 = 0. What are the prime factors of o?
2, 3613
Let s(h) = h**2 - 24*h + 20. Let f be s(35). Suppose f*d = 416*d - 19019. List the prime factors of d.
7, 13, 19
Suppose 0 = -30*m + 33*m - d - 6, 0 = 2*d - 6. List the prime factors of (-15396)/(-18)*1*m/2.
1283
Let f(j) = 119*j**2 + 2*j - 1. Let s be f(1). Let z be ((-25)/(-15))/((-10)/(-6)). Suppose -w = -z - s. List the prime factors of w.
11
Let g(n) = 241*n**2 + 23*n + 2. What are the prime factors of g(2)?
2, 11, 23
Suppose w + 1336 = 5*t - 4411, -3*w = -3*t + 3453. Let n = t + -566. What are the prime factors of n?
11, 53
Suppose 43*i - 54223 - 244541 = 240456. What are the prime factors of i?
2, 3, 5, 11, 19
Let x(i) = -i**3 - 19*i**2 + 35*i + 1. Let y be -42*(-2 + 15/6). List the prime factors of x(y).
2, 37
Suppose 0 = 196*i - 11*i - 2762420. List the prime factors of i.
2, 3733
Let p = 47 - 46. Let o be ((-71)/2)/(p/(-2)). Suppose 1015 = 4*v + o. List the prime factors of v.
2, 59
Let l = 140 + -126. List the prime factors of (-21)/(-6)*l*7.
7
Suppose 7*r - 61 = 30. Suppose r*o = 16*o. Suppose n + s - 167 = o, n + n - 340 = s. What are the prime factors of n?
13
Let k(j) be the third derivative of -12*j**2 + 31/24*j**4 + j**3 + 0 + 0*j. List the prime factors of k(3).
3, 11
Suppose -9559 = -q + 2*y, 10*y = -5*q + 6*y + 47725. Suppose -8*j = -955 - q. What are the prime factors of j?
13, 101
Let o = 71 + -60. Suppose -k + 0*c = 4*c + 7, k - o = 2*c. Suppose -3*z = 4*t - 46 - 400, -2*t + 720 = k*z. What are the prime factors of z?
2, 71
Let a(v) = 176*v**3 + 4*v**2 - 6*v + 4. Let j be a(2). Suppose -8*b - j = -5*x - 6*b, -x = -4*b - 276. What are the prime factors of x?
2, 71
Suppose -33720 = -8*h + 29920. List the prime factors of h.
5, 37, 43
Suppose 0 = -2*d - 0*d + 5*y, y = -3*d + 17. What are the prime factors of ((-6)/3*d)/((-2)/78)?
2, 3, 5, 13
Let q = 8498 + -1742. What are the prime factors of q?
2, 3, 563
Suppose 0 = -5*r - 25, -4*x = -r - 13. Let j be 2 - (x - 0 - 3). List the prime factors of (j + -155)/(-4) + 0.
2, 19
Let x(k) = -28*k**2 - 5*k - 3. Let i be x(-6). Let y = i - -1921. List the prime factors of y.
2, 5, 47
Suppose -6*z + 544 = 2*z. Let y = -63 + z. Suppose 5*s + 684 = 3*m - 0*m, -684 = -3*m - y*s. List the prime factors of m.
2, 3, 19
List the prime factors of (-2 + 69 + -22)*16*458/20.
2, 3, 229
Let u(y) be the third derivative of -17*y**4/24 - 15*y**3 + 3*y**2 + 6*y. What are the prime factors of u(-29)?
13, 31
Let b(v) = 1217*v - 3772. What are the prime factors of b(10)?
2, 13, 17, 19
Suppose 1088 = r - 3188. What are the prime factors of r?
2, 1069
Let z(d) = -2*d + 4. Let o(q) = 5*q - 11. Let w(h) = -3*o(h) - 8*z(h). Let y be w(1). List the prime factors of 4 + 1 - (y + -52).
5, 11
Let a(k) = -k**2 - 12*k - 25. Let w be a(14). Let q = 708 + -1273. Let r = w - q. List the prime factors of r.
2, 11
Suppose 0 = -6*j + 9*j - 1569. Let o = 1379 - j. List the prime factors of o.
2, 107
Suppose -5*z + 0*z = 4*u + 7, 2*z - 4*u + 14 = 0. List the prime factors of (-12 + 18)/(z/(-885)*2).
3, 5, 59
Suppose -227294 = -148*m + 126722. List the prime factors of m.
2, 13, 23
Let k(g) = 62*g - 65. Let a be k(12). Let n = a + -239. What are the prime factors of n?
2, 5, 11
Let h(i) = 2*i**2 + 13*i - 113. Let b(n) = n**3 + 18*n**2 + 81*n + 23. Let t be b(-10). List the prime factors of h(t).
2, 197
Suppose 2*z = -l + 3*z + 10, 3*l + 4*z = 65. Suppose l*p - 865 - 425 = 0. List the prime factors of p.
2, 43
Let b = 10942 + 32674. List the prime factors of b.
2, 29, 47
Suppose 9*a = -14*a - 27025. Let j = 1697 + a. What are the prime factors of j?
2, 3, 29
Let v(k) = 1493*k**3 - 5*k**2 - 35*k + 86. What are the prime factors of v(2)?
2, 3, 5, 199
Let q be 4/((-7)/((-21)/2)). Suppose -q*r = 6*r. Suppose 4*z - 4*m - 164 = r, z - 2*m - 57 = -15. List the prime factors of z.
2, 5
Suppose 4*a = -r + 160309 - 29443, r = -6. What are the prime factors of a?
2, 3, 7, 19, 41
Suppose 5*j + 8 = l - 0*l, 4*j + 2 = 3*l. Let g(i) = -43*i**3 + i**2 + i + 2. What are the prime factors of g(l)?
2, 3, 29
Let b(r) = -r**3 + 14*r**2 + 28*r + 28. Let d(y) = 2*y**3 + 56*y**2 - y - 15. Let m be d(-28). List the prime factors of b(m).
3, 11, 17
Let y = -58 - -79. Suppose -7*b + 4*b + y = 0. List the prime factors of (-2)/b + 450/7.
2
Let g = 912 + -640. Suppose 2 = 2*j, -4*o = -3*j - 1313 - g. List the prime factors of o.
397
Let q = 5805 - 3214. Let z = 3974 - q. What are the prime factors of z?
3, 461
Let n = 13678 - 9568. What are the prime factors of n?
2, 3, 5, 137
Let d(v) = 7*v**2 - 121*v - 1474. What are the prime factors of d(-72)?
2, 7, 3109
Let f be 123/6*(-3 - (-28)/(-4)). Let d = f - -480. What are the prime factors of d?
5, 11
Let p = 40782 - 23035. What are the prime factors of p?
17747
Suppose 0 = -f + 3*p + 555, 3*f + 4*p = 6*f - 1650. Suppose -f = -9*h - 12*h. What are the prime factors of h?
2, 13
Let t(g) = -7 - 3*g**2 - g + 7*g + 20*g**2 - 7*g**2 - 8*g**2. What are the prime factors of t(-16)?
409
Let j(p) = 43*p**2 - 4*p + 81. What are the prime factors of j(-12)?
3, 7, 43
Let m = 53 + -51. Suppose -m*f = f - 36. Suppose f + 12 = 2*u + 4*q, 0 = 5*u - q - 5. List the prime factors of u.
2
What are the prime factors of ((-62991)/(-18))/(78/1040)?
2, 5, 2333
Let c(p) = p + 13. Let r(v) = -2*v**2 + 4. Let l be r(2). Let d be c(l). What are the prime factors of 26/(d/((-27)/(-2)))?
3,